13
Suppose 13*g - 31185 = 4*g. Suppose 12*c = 27*c - g. What are the prime factors of c?
3, 7, 11
Let g = -11090 + 16585. What are the prime factors of g?
5, 7, 157
What are the prime factors of (6/4 - 1)*(2 + -12 + 19752)?
9871
Let x(l) = 10*l + 5. Let w be x(0). Suppose 2*q - 1623 = -w*c, 2*c + c = 2*q + 977. List the prime factors of c.
5, 13
Suppose j - 1341 = 9023. List the prime factors of j.
2, 2591
Suppose 22*s + 5*c = 21*s + 12086, 3*c = -4*s + 48463. What are the prime factors of s?
17, 23, 31
Suppose 2532*b - 2565*b + 2189847 = 0. What are the prime factors of b?
66359
Let r(k) = 26*k + 8. Let s be r(4). Suppose x - 62 = -2*p, -4*p = x + 4*x - s. Let m = 46 - p. List the prime factors of m.
13
Let v be 2/1*25/(25/(-254)). Let w = v + 718. What are the prime factors of w?
2, 3, 5, 7
Suppose 2*p - 13 = -3, 2*v + 5*p = -13137. Let n = -14339 - v. What are the prime factors of n/(-30) - -4*2/20?
7, 37
Let s = 288 - 292. List the prime factors of (17/1 + -3)*(-122)/s.
7, 61
Let p = -1500 - -1518. Let d be 46/(-4) + 3/(-6). What are the prime factors of 7*d*(-12)/p?
2, 7
Let q = -157 - -159. Suppose 2411 = q*u + 271. List the prime factors of u.
2, 5, 107
Let q(i) = 37*i**3 - 3*i**2 + 2*i + 1. Let z be q(3). Suppose 3*f + z = 5*f - j, -3*f + 5*j = -1465. What are the prime factors of f?
2, 5, 7
Let x(n) = n + 1. Let v be x(-21). What are the prime factors of (v + 18)/(1/(-28))?
2, 7
Suppose -6280 = 43*i - 48*i. Suppose t - 2*c - 247 = 0, 0*t + i = 5*t - 3*c. Let x = t - 133. List the prime factors of x.
2, 3, 5
Let r(s) = 19*s**2 - 75*s + 741. What are the prime factors of r(40)?
107, 263
Suppose 26 = 3*m - 0*b - 2*b, -2*m - 3*b = 0. Suppose m*y - 5 - 13 = 0. List the prime factors of (3 + y - 2)/(2/4).
2
Suppose -11*p + 19*p = -4656. Let f = 1189 + p. List the prime factors of f.
607
What are the prime factors of (8 + (-2 - (-14)/(-4)))*1770?
3, 5, 59
Suppose -37*k + 1581120 = 22*k + k. List the prime factors of k.
2, 3, 61
Let a be -4*(5 - 6) + -2. Suppose -v + a*v - 79 = 0. What are the prime factors of v?
79
Suppose 628 = o + 2*i, 5*o - 2545 = o + 3*i. Let n = o + -375. Suppose 0 = 4*t - 4*d + 35 - n, -d = -4*t + 239. What are the prime factors of t?
61
Let m = 62610 + -41638. What are the prime factors of m?
2, 7, 107
Suppose 0 = -4727*q + 4792*q - 1846065. What are the prime factors of q?
3, 9467
Suppose 14*l - 15*l + 106 = 2*p, 8 = -4*l. What are the prime factors of ((-90)/p)/(1414/708 - 2)?
2, 5, 59
Let b(x) = -x**3 - 30*x**2 + 17*x - 101. Let s(w) = -w**2 - 5*w + 5. Let c be s(-9). What are the prime factors of b(c)?
3, 37
Let m(h) = -h + 9. Let u be m(6). Let d be (-85)/(-60)*4 - 2/3. Suppose -130 = -d*j + u*j. What are the prime factors of j?
5, 13
Suppose 2*f - 75 = -5*v, -3*f + 28 = 5*v - 77. List the prime factors of -26*((-3)/15)/(4/f).
3, 13
Let m = -606 - -612. Suppose -l - 795 = -r, 4*l + m - 2 = 0. What are the prime factors of r?
2, 397
Let g(b) be the first derivative of 31*b**4/24 - 11*b**3/2 + 10*b**2 + 31. Let m(j) be the second derivative of g(j). List the prime factors of m(5).
2, 61
Let c be -1*(2 - 3)*(14 - -40). Let l = 903 + c. List the prime factors of l.
3, 11, 29
Let h(n) = 2*n**2 + n + 3. Let p(v) = 8*v**2 + 5*v + 12. Let g(a) = 9*h(a) - 2*p(a). Let b be g(-3). What are the prime factors of ((-32)/6)/(-2)*b?
2
Suppose 3*i - 2881 = -259. What are the prime factors of (18/(-4) + 5)*i?
19, 23
List the prime factors of 47010 - ((-17 - -4) + -5).
2, 3, 3919
Let a(z) = 296*z**2 - 377*z - 30. What are the prime factors of a(-8)?
2, 3, 5, 17, 43
Let k(l) = 7*l**2 + 19*l + 18. What are the prime factors of k(-20)?
2, 23, 53
Suppose 7*p - 21*p + 70 = 0. Suppose -2*n + 2*k - 221 = 3*n, 170 = -4*n + p*k. Let f = n + 69. What are the prime factors of f?
2, 3
Let n(w) = 1179*w - 25. Let f be n(1). Let k = -531 + f. What are the prime factors of k?
7, 89
Let l(a) = 73*a**2 - a + 1. Let j be l(1). Let o = -136 - -91. Let x = o + j. List the prime factors of x.
2, 7
Let r = 3837 + -2296. Suppose 5*f + z = r, f - 2*z = -2*f + 922. What are the prime factors of f?
2, 7, 11
Let q be (4/(-3))/(32/48). What are the prime factors of (43/q)/((-16)/736)?
23, 43
Let c(s) = 125 - 91*s - 98*s + 35*s. Let t(r) = 31*r - 25. Let j(x) = 2*c(x) + 11*t(x). What are the prime factors of j(5)?
2, 5, 7
Let x(p) = 7*p**2 + 14*p - 14. Let a be x(1). Suppose c - 1003 = 5*o - a*o, 5*o + c = 2500. List the prime factors of o.
499
Suppose -117776 + 240972 = 13*p - 155056. List the prime factors of p.
2, 5351
Suppose -118*w + 7275624 = 153*w - 1501253. List the prime factors of w.
139, 233
Let k(c) = 200*c + 15. Let u = 38 - 36. What are the prime factors of k(u)?
5, 83
Let q(m) = 237*m - 89. What are the prime factors of q(1)?
2, 37
Suppose 0 = -2*x + 4*d + 10924, -6*x = -4*x + 3*d - 10896. Suppose 14*u - x + 260 = 0. What are the prime factors of u?
7, 53
Let j be (3/15)/((-1)/(-5))*-4. What are the prime factors of (4 + 48/j)/(-2) - -1354?
2, 7, 97
Let z = -259 - -240. Let n(m) = -m**3 - 20*m**2 - 31*m - 50. What are the prime factors of n(z)?
2, 89
Suppose -11 - 57 = 4*k. Let l(s) = -s**3 - 12*s**2 + 54*s - 1. List the prime factors of l(k).
2, 263
Let n(y) = 44*y + 1. Let a(f) = 1 - 2*f + 4*f + 0 + f - f**2. Let t be a(3). List the prime factors of n(t).
3, 5
Let k be 6325 + -9 + (-1)/(-2 - -3). Suppose -4 = 4*v, -4*v - k = -4*b - 391. List the prime factors of b.
2, 5, 37
Suppose 10*q = 658 + 442. Suppose -641 = -5*l - 2*d, 2*l - q - 129 = 5*d. What are the prime factors of l?
127
Let j = 793 - 787. What are the prime factors of j/(-63) - 193384/(-168)?
1151
Let b(f) = -96*f - 16. Let m be b(-2). List the prime factors of 1954/8 - 44/m.
2, 61
Let v be ((-12)/9 + -2)*-36. Suppose -97*r = -109*r + 36. Suppose -178 = -5*s + c, r*s - 3*c - v = -18. What are the prime factors of s?
2, 3
Suppose -2*i + 4*a = -4476, 12 - 6 = 2*a. Suppose 10*f - i = 476. List the prime factors of f.
2, 17
Suppose -9*m + 5*g - 33954 = -12*m, -4*m = 7*g - 45270. List the prime factors of m.
2, 3, 59
Let j(y) be the third derivative of y**6/60 - 2*y**5/15 + 11*y**4/24 - 2*y**3 - 2*y**2 + 52*y. List the prime factors of j(9).
3, 13, 23
What are the prime factors of ((-162)/36)/((-6)/132)?
3, 11
Let b(j) be the third derivative of j**6/60 - j**5/12 + 3*j**4/8 - 13*j**3/6 + 63*j**2. List the prime factors of b(8).
7, 109
Suppose b - 2*g - 388 = 0, 5*b + 2*g - 1552 = b. Suppose 1960 = 11*m - m. Suppose -2*n = d - m, 4*n = -0*d - 4*d + b. What are the prime factors of n?
3, 11
Let i = 118 - 114. Let f(g) = -4*g**2 + 10*g**2 - 17 + 2 + i*g + 0*g. What are the prime factors of f(-6)?
3, 59
Suppose 17 = -4*l + 25. Let z be (-12)/(12/3) + (-2)/l. What are the prime factors of (-381)/(-6) - 2/z?
2
Let v = -366 + 172. Let b = 112 - v. What are the prime factors of (b/(-24))/(2/(-24))?
3, 17
Let l(j) = -3*j**3 - j**2 + j - 3. Let x be l(2). Let h = x + 22. Let t(d) = -6*d - 30. What are the prime factors of t(h)?
2, 3
Let t(o) be the second derivative of 36*o**4 + 8*o**3/3 - 38*o + 2. List the prime factors of t(1).
2, 7
Suppose 5*o + 20958 = 4*f, -8*f + 20904 = -4*f + 4*o. List the prime factors of f.
2, 3, 109
Let m(s) = -3*s + 28. Let c(g) = 2*g - 22. Let t be c(9). Let d be (2 - (-66)/t) + 3/(-6). List the prime factors of m(d).
73
Suppose 0 = -92*q - 6*q + 268618. List the prime factors of q.
2741
Suppose -3*t + 18 = -8*k + 4*k, 6 = 3*t. Let z be ((-12)/15)/(8/900*k). Suppose -2*q + 4 + z = 0. List the prime factors of q.
17
Let l(g) = 4*g**3 - 10*g**2 + 5*g + 1. Suppose 4 = c + 5*s, 2*c + 3*s - 64 = 7*s. Suppose 2*z - c = -4*z. List the prime factors of l(z).
3, 13
Let v(u) = -7*u + 285. Let o be v(-25). Suppose 226*m + o = 227*m. What are the prime factors of m?
2, 5, 23
Let b = -247 - -304. Let a = 201 - b. What are the prime factors of a?
2, 3
Let d = -93718 - -134010. What are the prime factors of d?
2, 7, 1439
Suppose 11431*r - 11442*r + 563167 = 0. What are the prime factors of r?
51197
Let m be -1*(-6 + 4)*-1. Let a(l) = 11*l**3 - l**2 - l + 4. Let b be a(m). Let h = b + 180. List the prime factors of h.
2, 47
Let w = -14091 - -23279. List the prime factors of w.
2, 2297
Let q(r) = -r**3 - 38*r**2 - 7*r + 27. Let p be (3/(-2)*2)/((-156)/(-1976)). List the prime f